 133*b + 9. Let w be u(r). What is the greatest common factor of w and 25?
25
Suppose -14*n + 9*n + 98 = 2*a, -4*n - a = -76. Calculate the highest common divisor of n and 189.
9
Let d be ((-30)/(-24))/((-1)/(-4)). Suppose 30 = -0*y + d*y. Suppose y*v - 30 = 4*v. What is the greatest common divisor of v and 75?
15
Let j be -12*(27/(-18) - (-705)/(-18)). What is the greatest common factor of 61 and j?
61
Let l(m) = m**3 - 47*m**2 - 152*m + 103. Let u be l(50). Calculate the greatest common divisor of 129 and u.
3
Suppose 2*a = -2, -222 = -4*k + 16*a - 18*a. What is the highest common divisor of k and 84?
28
Suppose 5*s + 199 = g, -3*s + 543 = -5*g + 8*g. What is the greatest common factor of 40 and g?
8
Let w = 264 + -143. Let o be -5 - (-14 - (-1 - -3)). Calculate the highest common factor of o and w.
11
Suppose 0 = -p - t + 59, -p + 39 = -2*t - t. Suppose 90 = o + 4*o. Calculate the highest common divisor of o and p.
18
Let c be (3 - 42/10)*(20 - 35). What is the greatest common divisor of 1602 and c?
18
Let k(o) = -o + 5. Let l be k(6). Let u be (6/10)/(l/(-5)). Suppose -57 + 18 = -13*w. What is the highest common factor of w and u?
3
Suppose -4*h + a - 18681 = 0, -h - 1050 = 2*a + 3627. Let j = -807 - h. Let l be j/35 - (-2)/(-5). What is the greatest common factor of l and 44?
22
Let g(u) = -10*u + 182. Let b be g(17). Calculate the greatest common factor of b and 51.
3
Let y be 5/20 + 1/((-4)/(-351)). Let j = 13 + -7. Let o be 46/6 + 2/j. Calculate the highest common factor of y and o.
8
Let n be (-95)/(-4) + (-1)/(-4). Let d = -373 - -713. Let q = d + -124. Calculate the greatest common divisor of n and q.
24
Suppose 4*o = y - 49 + 181, -2*y = -5*o + 168. Calculate the greatest common divisor of 24 and o.
8
Let x = 366 + -210. Suppose 34*k + x = 37*k. Calculate the greatest common factor of k and 13.
13
Let h = 72 + -46. Calculate the highest common factor of h and 221.
13
Let l be 207/(-36) + 2/(-8). Suppose 4*o = -f + 19 + 1, -18 = -5*o - 3*f. Let z be (20/o)/((-1)/l). Calculate the greatest common factor of z and 20.
20
Let a = -22 - -38. Let p(i) = i**2 + i + 5. Let r be p(0). Suppose 5*t - 43 - 21 = -4*d, -4 = t + r*d. What is the greatest common divisor of t and a?
16
Let f(o) = 17*o**2 - 6*o - 23. Let j be f(-5). Let d = -252 + j. What is the highest common divisor of d and 18?
18
Let d be -1*2*(-25)/2. Let a(v) = -v**2 - 134*v - 2078. Let w be a(-116). Calculate the greatest common divisor of w and d.
5
Let n(y) = -y**2 + 17*y + 9. Suppose 51 = 7*m - 4*m. Let z be n(m). What is the greatest common factor of z and 81?
9
Suppose 89 = 6*h - 1. What is the highest common factor of h and 255?
15
Let g be 125 - (1 + 4 + -2). Suppose 3*a = 4*p - 99, 5*p - 4*a = -2*a + g. Calculate the greatest common divisor of p and 36.
12
Let k(z) = z**3 + 8*z**2 - 5*z + 7. Let i be k(-5). Let j = i - 103. Calculate the highest common divisor of j and 12.
4
Let o(m) = 12*m**2 + 27*m. Let x be o(-6). Calculate the highest common factor of x and 60.
30
Let w(x) = 61*x - 16. Let p be w(6). Calculate the greatest common factor of 560 and p.
70
Suppose -2*q - 2*f = -474, 5*f + 173 + 578 = 3*q. What is the highest common divisor of 44 and q?
22
Suppose i - q = 9, q - 9 = -3*i - 2*q. Suppose 7*s - 2*s = 25. Suppose 4*o = -3*h + 10, 0*h + 2*o = s*h - 34. Calculate the highest common divisor of i and h.
6
Suppose 3*d = z - 8, -3*z + d - 24 = -8*z. Suppose -4*r = -z*y + 280, -5*y + 6 + 279 = -3*r. Calculate the greatest common divisor of y and 12.
12
Let t be 121 + 0/(9/3). Suppose 2*z + a - 3 = 0, -4*z - z - 2*a = -7. Let r be (1 - z)/2 + 11. Calculate the greatest common divisor of r and t.
11
Let p be (((-280)/12)/5)/((-2)/6). Let o be -2*1 + -1 + 66. Suppose -5*w + 2*w = -o. Calculate the highest common factor of p and w.
7
Suppose 24*g = 25*g - 5. Let i be (-8)/(-12) + (3340/6)/g. What is the highest common divisor of 28 and i?
28
Suppose -53 = y - 67. Suppose -2*b + 40 = -5*m, -6*b + 16 = -2*m - 2*b. Let s be 399/28 - (-2)/m. What is the highest common divisor of s and y?
14
Let z(u) = u**3 + 2*u**2 - 6*u - 4. Let m be z(3). Suppose 6*i + m = 95. What is the greatest common factor of i and 30?
6
Let p(z) = -z + 1. Let a be p(-2). Let t be 28 + -3 + a + -2. Suppose -l + t = -7. Calculate the highest common divisor of 11 and l.
11
Let c = -27 + 77. What is the highest common divisor of c and 125?
25
Suppose -14*k = -91*k + 3465. What is the highest common factor of 465 and k?
15
Suppose s = 3*s - 4. Suppose 2*p + 5*b + 2 = 0, 0 - 3 = 3*p + 2*b. Let r = p + s. Calculate the highest common factor of r and 5.
1
Suppose -7*m = 5*r - 8*m - 4315, r - 844 = 4*m. What is the highest common divisor of 6 and r?
6
Let a be (30/4)/(((-135)/(-140))/(-9)). Let g = 105 + a. Calculate the highest common divisor of 5 and g.
5
Let u = -266 - -279. What is the greatest common divisor of u and 13?
13
Let p = -12 - -24. Let a be -3*2/12*24/(-2). Suppose -2*c = -270 + a. Calculate the highest common factor of c and p.
12
Let r be (-2)/(-4)*(2 - 0). Let v(i) = i**2 + 7. Let c be v(0). Suppose 3 = -4*m + c. Calculate the greatest common divisor of r and m.
1
Suppose 4*s + 2*n + 0*n - 458 = 0, 2*n + 470 = 4*s. What is the highest common divisor of 4 and s?
4
Let l(c) = -1220*c**3 + 2*c**2 + 5*c + 5. Let a be l(-1). Calculate the highest common divisor of 26 and a.
26
Suppose 0 = -2*z - 4*h - 20, -12 = 2*z + h - 4. Let u be 22/(((-2)/z)/24*3). Calculate the highest common divisor of u and 16.
16
Suppose -24*u + 3065 = -103. Let p = 7 + 15. What is the greatest common factor of p and u?
22
Let m = -1 - 8. Let b = 39 + m. Let v(j) = -j**3 + 6*j**2 + 6*j + 10. Let q be v(7). Calculate the highest common factor of b and q.
3
Let b(j) = j**3 - j - 1. Let g be b(-1). Let o be g/((-1)/4 - 0). Let t be ((-3)/(-9))/(1 - 5/6). What is the greatest common divisor of t and o?
2
Let c be 280/(-21)*-1*(3 - 0). What is the greatest common divisor of c and 590?
10
Let r be 936/90*(9 + 1). Calculate the highest common factor of 13 and r.
13
Let l = -15 + 18. Suppose -l*h + 5*h - 34 = 0. Calculate the highest common factor of h and 34.
17
Let d(p) = 9*p**2 - 3*p. Let a(o) = -5*o**2 + 2*o. Let g(n) = 5*a(n) + 3*d(n). Let y be g(-4). What is the greatest common divisor of 7 and y?
7
Suppose 2*z + 5*l - 507 = 2*l, 4*z - 1016 = -4*l. What is the highest common factor of 17 and z?
17
Let w be (16/6)/((-10)/(-210)). Suppose -2*c = -3*c + 3*n + w, c + 3*n - 32 = 0. Calculate the highest common divisor of c and 11.
11
Let u(v) = -6*v + 2. Let s be u(-3). Let l = 105 - 160. Let x be 24/(-6)*1*l. Calculate the greatest common factor of s and x.
20
Suppose -91 = -16*q + 9*q. Calculate the greatest common divisor of 91 and q.
13
Let p = 212 - -110. What is the highest common divisor of 28 and p?
14
Let l(c) = -7*c - 6. Suppose -5*h = 5*m - 25, -h = 4*m + h - 20. Suppose -2 = -m*p - 22. Let s be l(p). Calculate the greatest common factor of s and 11.
11
Suppose -6*i = -5*d - 4*i + 121, d = 2*i + 21. What is the highest common factor of d and 25?
25
Let p = 0 + 3. Suppose 171*k - 175*k + 96 = 0. What is the greatest common factor of k and p?
3
Suppose 358 = 2*c - 13*t + 14*t, c = -5*t + 170. Calculate the greatest common divisor of c and 396.
36
Let j(t) = -10*t - 316. Let o be j(-35). Calculate the greatest common factor of o and 799.
17
Suppose n - 15 = -5*b, -5*n + 2*b - 9 + 3 = 0. Suppose n = -2*a + 117 - 17. What is the greatest common divisor of 20 and a?
10
Suppose -2*n = 5*t - 142, -t - 5*n + 130 = 4*t. Let s be (-60)/(-7)*28/12. What is the highest common divisor of s and t?
10
Let f = 160 + -158. Suppose -4*m - f*g + 142 = -0*m, -3*m - 5*g + 110 = 0. Calculate the highest common factor of m and 280.
35
Let g = 139 + -29. Let r(h) = 9*h - 107. Let f be r(13). What is the greatest common divisor of f and g?
10
Suppose -13*c - 3 = -29. Suppose -4*m - u + 29 = -40, 0 = m - 5*u - 33. Calculate the greatest common divisor of m and c.
2
Suppose -j + 98 = -3*x, -3*j + 187 = -x - 83. Let a = 93 - j. Calculate the highest common factor of a and 44.
4
Let q be 1/(-4)*-2 + 1045/10. Suppose -2*r + q = r. What is the highest common factor of r and 14?
7
Let b = -34 - -47. Let h = -15 - -20. Suppose 4*q - b = f - 